-6227*p + 5963. Give n(1).
-264
Let s(z) = -15*z**2 + 920*z - 156. Determine s(60).
1044
Let o(w) = w**2 + 212*w + 8698. What is o(-134)?
-1754
Let t(g) = -3334*g - 20097. Determine t(-6).
-93
Let j(x) = -5*x**3 - 263*x**2 - 156*x - 353. What is j(-52)?
-353
Let k(x) = x**2 - 39968*x - 479582. Determine k(-12).
178
Let b(f) = -136*f + 6655. Determine b(43).
807
Let w(g) = -1250164*g + 6250822. What is w(5)?
2
Let r(t) = -7*t**2 - 1459*t + 24384. What is r(-224)?
-32
Let c(x) = 118*x**2 + 108917*x + 2769. Calculate c(-923).
0
Let u(k) = k**3 - 6*k**2 - 2005*k + 492. Calculate u(-42).
30
Let b(n) = -59757*n + 1135383. Determine b(19).
0
Let q(g) = -g**2 + 192*g - 699. Determine q(195).
-1284
Let g(b) = -56*b**2 + 394*b - 378. Calculate g(1).
-40
Let v(d) = 65774*d - 394640. Give v(6).
4
Let d(z) = -3310*z - 46067. Calculate d(-14).
273
Let v(s) = -1436*s + 561511. What is v(391)?
35
Let s(i) = 2*i**3 + 8*i**2 - 262*i - 1114. Calculate s(-4).
-66
Let o(i) = -i**3 + 23*i**2 - 123*i - 160. Determine o(13).
-69
Let j(f) = 1177*f - 31655. Calculate j(28).
1301
Let g(w) = 26*w**3 + 200*w**2 + 139*w - 50. Determine g(-7).
-141
Let v(z) = -45952*z - 551428. Determine v(-12).
-4
Let j(x) = 72156*x + 2020382. Calculate j(-28).
14
Let s(i) = -3715*i + 29649. Calculate s(8).
-71
Let j(a) = 9*a**3 - 91*a**2 - 291*a + 1052. Calculate j(12).
8
Let v(x) = -2*x**2 + 752*x - 56398. Determine v(102).
-502
Let l(w) = 5620*w + 1584844. Give l(-282).
4
Let u(c) = -6*c**2 + 437*c + 5022. Give u(83).
-41
Let k(c) = -2*c**2 - 45*c + 339. Give k(-14).
577
Let k(l) = 3*l**2 - 332*l - 26312. What is k(164)?
-72
Let n(h) = h**3 - 115*h**2 + 1605*h - 184535. Calculate n(115).
40
Let j(u) = -849*u - 4366. What is j(-5)?
-121
Let t(g) = 4*g**2 - 202*g - 15820. Calculate t(93).
-10
Let d(z) = -3748*z + 446009. Determine d(119).
-3
Let n(a) = -1023*a - 7050. Give n(-8).
1134
Let n(j) = j**3 + 260*j**2 + 4783*j + 49267. Calculate n(-241).
103
Let d(s) = -5151*s - 46439. Determine d(-9).
-80
Let h(m) = -416*m**2 - 6245*m - 16. Calculate h(-15).
59
Let t(j) = 1350*j + 25647. What is t(-19)?
-3
Let g(z) = 2*z**3 - 171*z**2 + 468*z - 32558. Give g(85).
-3
Let z(y) = 780*y + 1644. Give z(-2).
84
Let v(d) = 2*d**2 + 77*d + 585. Give v(-27).
-36
Let o(i) = i**3 - 117*i**2 + 223*i + 868. What is o(115)?
63
Let j(c) = 484*c**2 - 8707*c - 39. What is j(18)?
51
Let f(p) = -202922*p - 49715894. Calculate f(-245).
-4
Let m(f) = -f**2 - 215*f - 11254. Determine m(-137).
-568
Let t(s) = 3*s**3 - 41*s**2 - 9136*s + 127713. Give t(14).
5
Let g(k) = 8*k**2 + 110*k + 679. Determine g(-6).
307
Let o(h) = 2*h**3 + 59*h**2 - 406*h + 639. Determine o(4).
87
Let d(m) = -146*m**3 + 5839*m**2 + 49*m + 30. Give d(40).
390
Let a(j) = 58*j**2 - 2401*j + 2403. Calculate a(1).
60
Let i(m) = 36582*m**2 - 182916*m + 22. What is i(5)?
-8
Let k(c) = -4*c**2 - 1131*c + 14483. Calculate k(-295).
28
Let j(y) = -6*y**2 + 670*y + 3435. What is j(-5)?
-65
Let m(n) = -3*n**2 - 126*n - 1244. Determine m(-32).
-284
Let o(c) = 5388834*c - 26944173. Give o(5).
-3
Let d(r) = r**2 - 84*r - 298360. Determine d(590).
180
Let m(k) = k**3 - 30*k**2 - 851*k - 605. Give m(48).
19
Let u(h) = h**3 + 4*h**2 - 6285*h - 43848. Give u(-7).
0
Let o(k) = -12*k**2 + 219*k + 138. Determine o(19).
-33
Let s(m) = 2*m**3 - 249*m**2 - 149*m + 3004. Give s(125).
4
Let v(i) = 2657*i + 66385. Determine v(-25).
-40
Let g(u) = -u**3 + 166*u**2 + 1625*u - 8674. Give g(175).
76
Let v(n) = 2373*n + 80383. Determine v(-34).
-299
Let x(b) = b**2 + 2451*b - 204908. Calculate x(81).
184
Let m(s) = 5*s**2 + 2957*s - 464657. What is m(129)?
1
Let i(b) = 99079*b - 9709750. Calculate i(98).
-8
Let y(v) = 3*v**2 + 121764*v - 365308. Calculate y(3).
11
Let u(m) = -m**2 - 1016*m + 4070. Calculate u(4).
-10
Let g(z) = 2*z**2 + 187*z + 2413. Give g(-15).
58
Let n(f) = -26*f**3 - 57*f**2 - 48*f + 7. Give n(-1).
24
Let b(o) = -o**3 + 233*o**2 + 613*o - 33488. Give b(235).
117
Let g(n) = -n**2 + 1647*n + 97147. Calculate g(-57).
19
Let o(c) = 3357*c - 2880302. Calculate o(858).
4
Let z(q) = q**3 + 26*q**2 - 126*q - 3146. Give z(-27).
-473
Let j(i) = i**2 - 348*i + 249. Calculate j(0).
249
Let i(v) = 3*v**3 + 1470*v**2 + 2911*v - 8309. Give i(-488).
-13
Let r(o) = 2608*o + 3603. Calculate r(-2).
-1613
Let d(k) = 3023*k + 69455. What is d(-23)?
-74
Let j(w) = 2*w**2 - 320*w + 3157. Give j(10).
157
Let f(j) = 4*j**3 + 3253*j**2 - 5735*j - 24456. Calculate f(-815).
-6
Let b(p) = 461*p**3 - p**2 + 29*p + 31. Determine b(-1).
-460
Let s(k) = 16*k**3 - 2*k**2 - 11*k + 8. Calculate s(0).
8
Let q(h) = -1033*h - 15380. Determine q(-15).
115
Let w(d) = 52*d**2 - 47070*d + 9056. What is w(905)?
6
Let m(z) = -543*z + 2436. Calculate m(4).
264
Let a(o) = -222*o + 7538. Determine a(32).
434
Let z(f) = 4183*f + 116961. What is z(-28)?
-163
Let n(w) = -212*w + 64015. Give n(305).
-645
Let g(v) = 165*v - 70058. What is g(425)?
67
Let w(f) = -f**2 - 8920*f - 363912. Determine w(-41).
127
Let g(y) = -100*y - 30662. Calculate g(-309).
238
Let g(i) = -3*i**2 - 243*i - 1320. What is g(-74)?
234
Let j(n) = n**3 + 4*n**2 - 67*n + 208. Determine j(3).
70
Let b(t) = -1949*t - 47064. What is b(-24)?
-288
Let k(s) = 13*s**2 - 8113*s + 40854. What is k(619)?
0
Let j(r) = 7875*r - 275954. Calculate j(35).
-329
Let f(v) = -2101*v**2 + 214262*v + 4091. Give f(102).
11
Let t(b) = -172*b - 4706. Determine t(-33).
970
Let s(p) = -881*p - 7051. What is s(-8)?
-3
Let h(o) = o**3 - 55*o**2 + 150*o - 2588. Give h(53).
-256
Let v(h) = -h**3 + 41*h**2 - 820*h + 24837. Calculate v(37).
-27
Let g(a) = -a**2 - 208*a + 5824. Determine g(25).
-1
Let l(m) = m**3 - 20*m**2 - 84*m + 1132. Calculate l(19).
-825
Let r(o) = -193*o**2 + 1936*o + 62. Determine r(10).
122
Let l(q) = -3*q**2 + 4341*q + 88027. Calculate l(-20).
7
Let h(x) = x**2 + 28093*x + 224671. Calculate h(-8).
-9
Let i(c) = -c**3 + 19*c**2 + 1759*c - 27281. Determine i(15).
4
Let r(f) = -f**3 - 292*f**2 + 12225*f + 17142. Determine r(-329).
34
Let c(b) = b**3 + 31*b**2 + 217*b - 55. Give c(-17).
302
Let h(l) = l**2 - 381426*l - 1525720. Calculate h(-4).
0
Let o(n) = -n**2 - 16168*n - 113082. What is o(-7)?
45
Let z(v) = -132*v**2 + 2901*v - 2769. Give z(1).
0
Let q(s) = 2*s**3 + 48*s**2 - 311*s + 11. Give q(-30).
-1459
Let s(m) = 7*m**2 - 33194*m + 165804. Determine s(5).
9
Let b(t) = 3485*t + 616811. Calculate b(-177).
-34
Let n(f) = -87533*f - 787813. Determine n(-9).
-16
Let l(y) = 41905*y - 167486. Give l(4).
134
Let c(q) = -2*q**3 - 76*q**2 + 157*q + 43. Determine c(-40).
163
Let r(s) = -100*s - 8549. What is r(-89)?
351
Let v(f) = -13080*f - 1883525. Determine v(-144).
-5
Let s(j) = -20387*j + 448515. What is s(22)?
1
Let y(d) = -31*d - 4942. Determine y(-148).
-354
Let s(p) = -236*p - 13718. What is s(-35)?
-5458
Let x(q) = -1244*q - 54952. Determine x(-44).
-216
Let f(h) = 2*h**2 + 3460*h + 371497. What is f(-115)?
47
Let q(a) = 89*a**2 - 6671*a - 152. What is q(75)?
148
Let o(l) = 50*l**2 + 189*l - 118. Give o(0).
-118
Let l(h) = -h**3 + 251*h**2 - 5244*h + 128. What is l(228)?
128
Let m(n) = -n**3 - 15*n**2 - 86*n - 2059. Determine m(-17).
-19
Let c(j) = -448830*j + 69119817. Calculate c(154).
-3
Let f(g) = -1271*g + 8521. Give f(6).
895
Let i(o) = 7*o**2 + 328*o - 778. Determine i(-45).
-1363
Let g(n) = -387*n**2 + 11307*n - 2431. Calculate g(29).
5
Let d(s) = 5*s**2 - 134*s + 403. Give d(17).
-430
Let y(i) = 3449*i - 168995. Give y(49).
6
Let n(f) = 2*f**3 + 4*f**2 + 48910*f - 48913. Give n(1).
3
Let l(y) = -1327*y + 29757. Calculate l(22).
563
Let m(o) = 9*o**3 + 19*o**2 + 87*o - 106. What is m(1)?
9
Let b(z) = 5147*z**2 - 241919*z + 492. Determine b(47).
22
Let f(w) = 1280*w - 16739. Determine f(14).
1181
Let n(v) = -11*v**2 + 315*v + 725. Give n(31).
-81
Let m(x) = -x**3 + 42*x**2 - 224*x - 501. Calculate m(36).
-789
Let w(l) = -2*l**3 + 533*l**2 + 14584*l - 5. What is w(-25)?
-230
Let a(f) = f**3 + 76*f**2 + 1438*f + 152. What is a(-35)?
47
Let t(u) = 4*u**3 - 2*u**2 + 115*u - 640. What is t(0)?
-640
Let t(c) = -c**3 + 9*c**2 - 71*c - 601. Determine t(-8).
1055
Let t(q) = 45*q**2 - 728*q - 3466. Give t(20).
-26
Let z(i) = -7*i**2 - 128*i + 3467. What is z(-33)?
68
Let y(t) = -257*t**3 + 5139*t**2 - 38*t + 1151. Determine y(20).
-9
Let